. Let j(q) = q**2 + 2*q + 1. Let x(p) = -4*j(p) - 3*y(p). Calculate x(v).
-4
Let l(i) = 23 - 6 - 1393*i**2 - 12*i + 1404*i**2 - i**3. Give l(10).
-3
Let h(o) = 8*o**2 + 3*o - 9. Let p(r) = -r**3 + 2*r**2 + r + 1. Let f(y) = h(y) - p(y). What is f(-5)?
5
Let j(s) = s - 19. Let q(r) = 2*r - 55. Let f(w) = -8*j(w) + 3*q(w). Give f(-10).
7
Let r be ((-6)/(-5))/(87/(-290)). Let g(v) = -5*v**3 + 9*v**2 + 2*v - 4. Let y(h) = -h**3 + h**2 + h - 1. Let f(t) = -g(t) + 6*y(t). Determine f(r).
-2
Let q(j) = -4*j**3 + 5*j**3 + 2*j + 1 - 4*j - 5*j**2. Calculate q(5).
-9
Let p(z) = 2*z - 8*z - 12*z**3 - 5*z**2 + 3*z - 9*z**3 + 20*z**3. Give p(-3).
-9
Let r(m) = -7*m**2 + 2. Suppose 2*u - 24*u + 44 = 0. Determine r(u).
-26
Let y be (-2)/4 - 45/6. Let v = -2 - y. Let h(d) = d**2 - 6*d - 7. Give h(v).
-7
Suppose 16 = -4*n + 2*n. Let y(d) = 31*d - 11. Let t(s) = -50*s + 16. Let q(z) = 5*t(z) + 8*y(z). Determine q(n).
8
Let n(b) = -b**2 - 6*b + 16. Let f be n(-8). Let w(t) = 2*t**2 + f*t**3 + 53 - 51 + t**3. Calculate w(2).
18
Let n(o) = -o**3 + 14*o**2 - 13*o - 5. Suppose 78 = 618*j - 612*j. What is n(j)?
-5
Let i(z) = -2*z. Let v be (-161)/46*(1 - 19/7). What is i(v)?
-12
Let q be 5*-1*(1 - 2). Let k(x) = 134*x**2 + 128*x + 7 - 137*x - 133*x**2. Give k(q).
-13
Suppose 5 = 53*y - 48*y. Let f(w) = -5*w**3 + 4*w**3 + 2*w**3. Determine f(y).
1
Let m(c) be the first derivative of -7/2*c**2 - 2*c + 2 - 1/3*c**3. Let s be (6/8)/((-1)/4). Give m(s).
10
Let f(v) = 4*v - 2. Let o(y) = 9*y - 3. Let q(z) = -7*f(z) + 3*o(z). Suppose 0*l + 3*l - w = -4, 0 = -2*w + 8. Suppose l = -2*d - 2*d. Calculate q(d).
5
Let s(n) = -7*n**3 - 7*n**2 + 16*n - 15. Let w(u) = u**3 - u + 1. Let f(l) = s(l) + 6*w(l). Give f(-8).
-25
Let m(f) be the second derivative of f**6/360 + f**5/20 - 5*f**4/24 + 5*f**3/2 - 13*f. Let i(g) be the second derivative of m(g). Calculate i(-6).
-5
Let p(a) be the third derivative of a**8/20160 - a**7/504 + a**6/90 - a**5/60 - 7*a**2. Let x(j) be the third derivative of p(j). What is x(6)?
-16
Let s be (-5)/1*(-6)/5. Let k be 4/(-6) + (-2)/s. Let u(b) = 10*b**2 - 2 + 1 - 15*b**2. What is u(k)?
-6
Let y(x) be the second derivative of x**4/12 + x**3/2 - 3*x**2/2 - x. Let s(t) = -t**2 - 25*t - 98. Let m be s(-5). What is y(m)?
7
Let x(s) = -s**2 + 7*s - 4. Let i = 9 + -5. Let t be i/(-4*(-4)/(-8)). Let w be (14/(-21))/(t/18). Determine x(w).
2
Let f(a) = 27*a - 5. Let d be 35/14 - -1 - 1/2. Calculate f(d).
76
Let r(b) = 17*b + 3. Let l(v) = -v**3 + v**2 + 33*v - 68. Let k be l(5). Determine r(k).
-48
Let p(i) = -i**2 + 4*i + 1. Let a be p(5). Let u(s) be the third derivative of -s**6/120 - s**5/20 + s**4/6 + 2*s**3/3 + 236*s**2. Give u(a).
4
Let b(l) = l**2 + 2*l - 7. Suppose 0 = 23*z - 11*z - 36. Calculate b(z).
8
Suppose 4*s = 3*x + 3*s - 10, 0 = 2*x + 2*s + 4. Suppose -7*f + x*f = 0. Suppose 4*k = -f*k. Let n(h) = h**2 - 14. Calculate n(k).
-14
Let l(p) be the third derivative of -p**6/120 - p**5/60 + p**4/6 - p**3/6 + 2*p**2 - 4*p. Give l(-3).
5
Let g(x) = -6*x**2 - 3*x - 17. Let d(z) = -7*z**2 - 4*z - 20. Let y(o) = 5*d(o) - 6*g(o). What is y(2)?
2
Let p(i) = 2*i**2 + 2*i - 2*i**2 - 7*i + 3 + i**2 - 7*i. Calculate p(9).
-24
Let k be -3 + (-9)/27*33. Let s(a) = -a**2 - 13*a + 8. Give s(k).
-6
Let a(f) be the second derivative of f**5/60 - f**4/24 - f**3 - 10*f**2 + 4*f. Let v(g) be the first derivative of a(g). Give v(0).
-6
Suppose 6*v - 9*v + 12 = 0. Suppose -4*h + 3*d = -21, 6*h - v*h - d - 9 = 0. Let y = 8 - h. Let r(l) = -l + 2. What is r(y)?
-3
Let g(c) be the first derivative of 2*c**2 + 18*c + 383. Calculate g(-5).
-2
Suppose -5*p + 2*r = -1747, -2*p - p - r + 1057 = 0. Let g(s) = -21*s**2 + 0 - p*s + 349*s - 1. Give g(-1).
-20
Suppose 0 = f - 2*l - 0 - 5, -4*l + 5 = f. Let g(q) be the first derivative of q**2/2 + 6*q + 1. Let p(k) = k + 6. Let m(t) = f*g(t) - 6*p(t). Give m(-7).
1
Let d(f) = -4*f**2 - 15*f + 19. Let p(g) = 10*g**2 + 46*g - 54. Let i(z) = 8*d(z) + 3*p(z). Give i(8).
6
Suppose 16*f - 576 = 10*f. Let b = f - 89. Let u(n) = -n**2 + 4*n + 5. Give u(b).
-16
Let t(r) be the second derivative of -r**4/6 + r**3/2 - r**2 + 119*r. Let o = 8 - 5. Suppose 0 = -2*p - n + 9, o*p + n - 11 - 1 = 0. Determine t(p).
-11
Let m(v) = 70*v - v**2 + 3 - 26*v - 22*v - 26*v. Determine m(0).
3
Let i = 47 + -43. Let w(j) = -4*j - 5 + 9*j + 2 - i*j. Give w(4).
1
Let v(z) = z**3 - 15*z**2 + z - 19. Suppose -2*x - 3*m = -27, -3 = -2*x - 2*m + 25. Calculate v(x).
-4
Let n be (1 + 5 + -1)/1. Suppose -k + 26 = n. Let o(h) = -k*h + 21*h + 9*h**3 - h**2. Determine o(1).
8
Let s(l) be the first derivative of 5/6*l**3 - 7/2*l**2 + 1/8*l**4 + 5 + 0*l - 1/60*l**5. Let o(i) be the second derivative of s(i). Give o(4).
1
Suppose 0 = -762*q + 758*q - 28. Let m(s) = -s**3 - 8*s**2 - 5*s + 4. Give m(q).
-10
Let c(j) = 2*j + 4. Let t be 9/(-6)*(-4)/(-6). Let l = 12 - 14. Let p be -6 - (l + (t - 0)). Give c(p).
-2
Let a(l) = -l**3 + 4*l**2 + 5*l - 7. Suppose -3*i = b - 9, -i - 2*i = -2*b. Let n be -5*(1/b)/(5/(-15)). Calculate a(n).
-7
Let r(k) = -2*k**2. Let s be (-6 - -5)/(-1)*(1 + -2). Calculate r(s).
-2
Let b(r) = 3*r - 7. Let o be b(3). Let k(m) = 1 - m - 5*m - 8*m**2 - m**o + 8*m. What is k(-1)?
-10
Let t(v) be the second derivative of v**5/60 + v**4/6 + v**3/2 - 9*v**2/2 + 23*v. Let u(r) be the first derivative of t(r). Calculate u(-2).
-1
Suppose -204 = -2*a - 2*a. Let j(x) = 51*x + x**2 - a*x + 1. Determine j(0).
1
Suppose -4*x + 28 = 2*j, -2*j = 38 - 30. Let c(r) = -r**2 + 6*r + 6. Determine c(x).
-21
Let m(u) = u**3 - 18*u**2 - 17*u - 36. Let q(l) = -l**3 + 3*l**2 + 4*l + 7. Let b be q(2). Give m(b).
2
Let w(r) = r**2 - 6*r + 2. Suppose -1 + 17 = 2*a. Suppose 5 = 3*x + u - 18, -2*x = -4*u + a. What is w(x)?
2
Let x = 4 + -1. Suppose x = -5*w - s, 0*w - 3*s + 7 = -w. Let q(n) be the second derivative of n**5/20 + n**2/2 - 81*n. What is q(w)?
0
Let j be -8 + 6 + 1*6. Let o(n) = -n**2 + n + 18. Give o(j).
6
Let j be 7/3 + 10/15. Suppose -4*b + 3*n + 16 = 0, -j*b + 9 = -n - 3. Let q(y) = y - 3 + b - 2 + 0*y. Determine q(-5).
-6
Let s(v) = 2*v + 6. Let t(a) = 2*a + 5. Let d(o) = -4*s(o) + 5*t(o). What is d(-6)?
-11
Let z be 3 - 3/(0 + 1). Suppose 7*a + z = 14. Let g(i) = -i + 1. What is g(a)?
-1
Let u(w) = -w - 2. Let f be -5 - (2 + (-3)/(-18)*6). Give u(f).
6
Let s(n) = n**3 + 2*n**2 - 4. Let x = -31 - -58. Let i = 24 - x. What is s(i)?
-13
Let q(w) = w**3 - w**2 + w + 11. Let f = -163 - -163. What is q(f)?
11
Let x(t) = 12*t - 13. Let q be x(4). Suppose -5*h = 5 - q. Let k(g) = -g - 2. Calculate k(h).
-8
Let n be (18/4)/((-3)/4). Let v(b) be the third derivative of b**6/120 + b**5/10 - b**4/8 + b**3/2 + 616*b**2. What is v(n)?
21
Let d(k) be the third derivative of -k**8/10080 - k**7/630 - k**6/180 + 3*k**5/10 - 3*k**2. Let q(z) be the third derivative of d(z). What is q(-5)?
-14
Let x(v) = 2*v**2 - v + 8. Let n be x(-3). Suppose n - 110 = -3*h. Suppose -5*p = 7 - h. Let f(o) = o**3 - 4*o**2 + 2*o - 4. Calculate f(p).
4
Suppose -5*h + 15 = -15. Let q be 2 + h*-1 - 1. Let d(o) be the second derivative of -o**4/12 - 7*o**3/6 - o**2 - 19*o. Determine d(q).
8
Let s(d) be the second derivative of -4*d**3/3 - 13*d**2/2 + 254*d. Calculate s(-2).
3
Let z(x) be the first derivative of 5/2*x**2 + 2*x - 7. Calculate z(-2).
-8
Let m(i) = -i**2 - 13*i - 4. Suppose -23*z + 240 = -43*z. What is m(z)?
8
Let k(g) = -g**2 - g - 42. Let z(w) = -3*w**2 - 2*w - 91. Let c(d) = 5*k(d) - 2*z(d). Give c(6).
2
Let l = 4 - 6. Let v be (-3)/(-9) + l/(-3). Let s(t) = -v + 0 - t - 1 + 10. Give s(6).
2
Let l(j) be the second derivative of 0*j**2 + 0 + 1/6*j**3 + 19*j + 1/4*j**4. Determine l(2).
14
Let l(v) = v**3 - 18 - 20 - 6 - 23*v + 18*v + 9*v**2. Calculate l(-9).
1
Let p(k) be the first derivative of k**2/2 - 7*k - 49. Calculate p(-6).
-13
Let s = 57/86 + 1/258. Let t(n) be the third derivative of 0 - 5*n**2 - 1/8*n**4 + 0*n + s*n**3. Give t(3).
-5
Let n(p) be the second derivative of -p**3/6 - 7*p**2 + 100*p. What is n(-7)?
-7
Let u(m) = 7*m + 9. Let b be -11 - (-14 + (-20)/(-2)). Give u(b).
-40
Let v(p) = 13*p + 14. Let o(u) = 7*u + 7. Suppose 0*h + 30 = 5*h. Let x(r) = h*v(r) - 11*o(r). Give x(-5).
2
Let v(z) = z + 8. Let l(r) = -2*r - 9. Let i(b) = b**2 + 6*b - 3. Let c be i(-6). Let y(a) = 